{"id":1265,"date":"2025-06-18T12:13:23","date_gmt":"2025-06-18T12:13:23","guid":{"rendered":"https:\/\/grouppobccspa.com\/?page_id=1265"},"modified":"2025-07-01T13:41:17","modified_gmt":"2025-07-01T11:41:17","slug":"glossar","status":"publish","type":"page","link":"https:\/\/fianazionade.com\/?page_id=1265","title":{"rendered":"Generale"},"content":{"rendered":"\t\t<div data-elementor-type=\"wp-page\" data-elementor-id=\"1265\" class=\"elementor elementor-1265\" data-elementor-post-type=\"page\">\n\t\t\t\t<div class=\"elementor-element elementor-element-03ddaa2 e-flex e-con-boxed e-con e-parent\" data-id=\"03ddaa2\" data-element_type=\"container\">\n\t\t\t\t\t<div class=\"e-con-inner\">\n\t\t\t\t<div class=\"elementor-element elementor-element-6cd6a65 elementor-widget elementor-widget-text-editor\" data-id=\"6cd6a65\" data-element_type=\"widget\" data-widget_type=\"text-editor.default\">\n\t\t\t\t<div class=\"elementor-widget-container\">\n\t\t\t\t\t\t\t\t\t<h3><span class=\"\">Definizioni<\/span><\/h3><p id=\"altre-tecnologie-traccianti\">Altre<strong>\u00a0tecnologie traccianti:\u00a0<\/strong>\u00a0si intendono i pixel tag (traccianti utilizzati assieme ai Cookie e inseriti in immagini all&rsquo;interno di pagine web o nell&rsquo;Applicazione con lo scopo di tracciare determinate attivit\u00e0, come le visualizzazioni di Contenuti che potrebbero esserle utili o l&rsquo;apertura di una e-mail) o Identificatori Univoci inserire un link a comunicazione commerciale che fornisca inviano informazioni e un voltaggio click.<\/p><p id=\"browser\">Browser<strong>\u00a0:\u00a0<\/strong>\u00a0Il programma \u00e8 pensato per essere utilizzato tramite accesso a Internet (ad esempio Safari, Chrome, Firefox ecc.).<\/p><p id=\"combinazione-incrocio\">Combinazione<strong>\u00a0e\/o incrocio:\u00a0<\/strong>\u00a0si tratta dell&rsquo;insieme delle operazioni interamente automatizzate e non con cui combiniamo le \u201cInformazioni sulla sua posizione\u201d, e \u201cDati inferiti su di lei\u201d, e \u201cDati raccolti da Browser, Dispositivo e Applicazione\u201d, e \u201cDati da lei direttamente forniti\u201d per erogare i Nostri Servizi, \u201cmisurare l&rsquo;efficacia dei Nostri Servizi e delle comunicazioni promozionali\u201d e \u201cAttivit\u00e0 permesse dal Codice di condotta per i sistemi informativi\u201d, proporle Contenuti che potrebbero esserle utili. Potremmo fare operazioni di Combinazione e\/o incrocio anche da fonti diverse, come ad esempio tra le informazioni raccolte dai Nostri Siti ed App, e\/o con \u201cDati raccolti da terzi\u201d. Contenuti che potrebbero esserle utili: ad esempio se ricerca a tipo di finanziamento potrebbe farle visualizzare sui Nostri Siti ed App, o attraverso il Programmatic Advertising altri contenuti relativi a questo prodotto. Alla personalizzazione dei contenuti si accede tramite combinazione e\/o iscrizione di dati.<\/p><p id=\"contitolari\">Contitolari<strong>\u00a0:\u00a0<\/strong> si intende la persona giuridica, l&rsquo;autorit\u00e0 pubblica, il servicio o altro organismo che, insieme ad altri, determina le finalit\u00e0 ei mezzi del trattamento dei suoi Dati Personali. Questa \u00e8 l&rsquo;ultima informativa presente, con la definizione delle informative fornite da FIANAZION ADE Prestiti 24\/7 Spa e dai social media come Facebook e Google per la produzione di contenuti utilizzabili in molteplici modi (cd. retargeting), ma anche nei Nostri Convenzionati per lo svolgimento di alcune attivit\u00e0 quali Contitolari del trattamento.<\/p><p id=\"cookie\"><strong>Cookie:<\/strong>\u00a0\u00a0puoi leggere un messaggio dal tuo browser in uno dei siti web o nell&rsquo;app. Consente a tutto il sito di memorizzare informazioni come il fatto che ha visitato il sito, la sua lingua e altre informazioni. I Cookie viene utilizzato per diversi scopi, in altre parole, per registrare l&rsquo;uso preferito del Cookie da parte dell&rsquo;utente (cd. tecnologia cookie), \u201cmisurare l&rsquo;efficacia dei Nostri Servizi e delle comunicazioni promozionali\u201d e \u201cAttivit\u00e0 permesse dal Codice di condotta per i sistemi informativi\u201d, o personalizzare i Nostri Servizi, inclusi i Contenuti che potrebbero esserle utili. Le informazioni sui cookie implicano anche una combinazione e\/o integrazione con la fonte dell&rsquo;SDK e le altre tecnologie.<\/p><p id=\"dati-personali\"><strong>Dati Personali:<\/strong>\u00a0\u00a0intendono fornire informazioni qualitative che identificano una persona fisica o identificabile. In questo caso, consideriamo anche i dati relativi all&rsquo;indirizzo IP personale, all&rsquo;indirizzo e-mail (che rappresenta le generalit\u00e0 generali di una persona fisica) e agli identificatori univoci.<\/p><p id=\"dati-particolari\"><strong>Dati Particolari:<\/strong>\u00a0\u00a0si intendono i Dati Personali che rivelino l&rsquo;origine razziale o etnica, le opinioni politiche, le convinzioni religiose o filosofiche, o l&rsquo;appartenenza sindacale, nonch\u00e9 trattare dati genetici, dati biometrici intesi a identificare in modo univoco una persona fisica, dati relativi alla Salute a tutta la vita sessuale o all&rsquo;orientamento sessuale della persona.<\/p><p id=\"dispositivo\"><strong>Dispositivo:<\/strong>\u00a0\u00a0Si intende il dispositivo (es. smartphone Apple) con cui visitare i Nostri Siti ed App.<\/p><p id=\"identificatori-univoci\">Identificatori<strong>\u00a0Univoci:\u00a0<\/strong>\u00a0intendono reperire informazioni in gradi di identificazione in modo univoco attraverso il suo Browser, Dispositivo e\/o Applicazione. Il browser considera anche gli identificatori univoci dell&rsquo;IP e dei cookie. Il sistema considera anche l&rsquo;identificazione dei prodotti pubblicati nella disposizione dei prodotti di Apple e dell&rsquo;AAIG di Android che non vengono utilizzati per gestire l&rsquo;efficacia del nostro servizio o personalizzare il nostro servizio, compresi i contenuti che possono essere utilizzati in vari modi. Nello specifico, per il risultato finale in linea con il parere del Garanti Europei, non utilizziamo altri Identificatori Univoci come MAC Address e IMEI in quanto non sono da lei resettabili, salvo il caso in cui siano richiesti come misure di sicurezza dalla normativa applicabile (es. Direttiva PSD2). Per l&rsquo;Applicazione invece consideriamo anche Identificatori Univoci il codice univoco che identifica l&rsquo;Applicazione che ha installato.<\/p><p id=\"indirizzo-ip\"><strong>Indirizzo IP:<\/strong>\u00a0\u00a0si intende un numero utilizzabile dal browser, dal dispositivo e dall&rsquo;applicazione tramite la connessione ad Internet. Questo numero viene generato da chi le fornisce il servizio di connessione ad Internet e permette di identificare oltre a lei anche lo stesso fornitore e\/o l&rsquo;area geografica approssimativa in cui si trova. Ora sei un utente Internet non collaborativo che pu\u00f2 utilizzare Internet per servizi aggiuntivi e anche fornire \u201cInformazioni sulla sua posizione\u201d e fornire contenuti che possono essere utilizzati in qualsiasi modo.<\/p><p id=\"informazioni-aggregate\"><strong>Informazioni aggregate:<\/strong>\u00a0\u00a0sono informazioni statistiche che la riguardano ma che non contengono i suoi Dati Personali. Utilizzare queste informazioni per \u201cmisurare l&rsquo;efficacia dei Nostri Servizi e delle comunicazioni promozionali\u201d e \u201cAttivit\u00e0 permesse dal Codice di condotta per i sistemi informativi\u201d, e per creare dei report statistici per i nostri Partner. In questo caso \u00e8 possibile accedere alle \u201cInformazioni in questa posizione\u201d o ai suoi contenuti che possono essere utilizzati visivamente. Sul punto ribadiamo che con queste segnalazioni non condividiamo i suoi Dati Personali.<\/p><p id=\"nostri-siti-e-app\">Il nostro<strong>\u00a0sito e la nostra app:<\/strong><\/p><p id=\"partner-commerciali\"><strong>Partner commerciali:\u00a0<\/strong>\u00a0si tratta di soggetti autonomi Titolari del trattamento, ovvero Contitolari per lo svolgimento di alcune attivit\u00e0, a cui comunichiamo e dati in funzione di una misura precontrattuale ovvero contrattuale da lei richiesta (es. richiesta di un loro servizio) o per loro finalit\u00e0 di marketing previo suo consenso (cfr \u201cComunicare i suoi Dati a Terzi, a societ\u00e0 appartenenti al Gruppo Cofidis e al Gruppo Cr\u00e9dit Mutuel, per proprie finalit\u00e0 di marketing\u00a0<\/p><p id=\"programmatic-advertising\"><strong>Pubblicit\u00e0 Programmatica:\u00a0<\/strong>\u00a0il formato delle informazioni sotto forma di informazioni si basa sulle informazioni fornite dall&rsquo;IP e dai Cookie, SDK e altre tecnologie tecniche con lo stesso interesse per la maggior parte dei contenuti che possono essere utilizzati. Nel nostro caso, possiamo visualizzare i nostri Siti e App e il nostro prodotto, che partecipa anche alla Pubblicit\u00e0 Programmatica, per aggiudicarci in uno spazio pubblico in un unico luogo, dove visitiamo a lungo e con contenuti che possiamo utilizzare. Il punto \u00e8 innanzitutto comunicare la comunicazione tra questi dati e la loro partecipazione alla Pubblicit\u00e0 Programmatica, che si basa sul previo e specifico consenso con l&rsquo;accettazione del banner, presentato a tutti i visitatori principali del Sito e dell&rsquo;App di Nostri o tramite quello alla \u00ab\u00a0Personalizzazione dei Servizi di Nostri inclusi i Contenuti\u00a0\u00bb. Se desideri tornare a questa comunicazione, dovrai utilizzare le<br \/>istruzioni nella sezione \u00ab\u00a0Impostare le sue preferenze per i Dati raccolti da Browser, Dispositivo e Applicazione\u00a0\u00bb in alto.<\/p><p id=\"sdk\"><strong>SDK:\u00a0<\/strong>\u00a0il software della libreria pu\u00f2 essere installato come parte di tutte le applicazioni. Esse permettono la raccolta di dati al pari di quanto avviene con i Cookie sul Browser. Attraverso gli SDK possiamo raccogliere, una seconda delle impostazioni del suo Dispositivo, \u201cInformazioni sulla sua posizione\u201d, Identificatori Univoci e \u201cDati inferiti su di lei\u201d.<\/p><p id=\"sensori-del-dispositivo\">Sensori<strong>\u00a0del Dispositivo:<\/strong>\u00a0\u00a0a seconda del suo Dispositivo, si tratta di sensori come accelerometro, giroscopio, Bluetooth, Wi-fi e GPS che in un modo o nell&rsquo;altro condividono le informazioni da queste raccolte con il Dispositivo e quindi con l&rsquo;Applicazione. Grazie alla possibilit\u00e0 di utilizzare il dispositivo, ci\u00f2 significa che il sistema pu\u00f2 essere \u201cinformato sulla sua posizione\u201d.<\/p><p id=\"titolare-del-trattamento\">Titoli<strong>\u00a0del trattamento:<\/strong> si intende la persona giuridica, l&rsquo;autorit\u00e0 pubblica, il servizio o altro organismo che, singolarmente o insieme ad altri, determina le finalit\u00e0 ei mezzi del trattamento dei suoi Dati Personali. Con questa definizione si pu\u00f2 fare riferimento a FIANAZION ADE 24\/7 Spa. Negli atri casi viene preceduta dalla parola \u201cautonomo\u201d (es. \u201cautonomo Titolare del trattamento\u201d) per indicare che il trattamento dei suoi Dati Personali viene svolto da un soggetto diverso da FIANAZION ADE 24\/7 Spa.<\/p><p id=\"responsabile-del-trattamento\"><strong>Responsabile del trattamento:<\/strong>\u00a0\u00a0la persona fisica o giuridica, l&rsquo;autorit\u00e0 pubblica, il servizio o altro organismo che tratta dati personali per conto del titolo del trattamento.<\/p><p>Informativa Privacy in vigore dal 23\/09\/2024<\/p>\t\t\t\t\t\t\t\t<\/div>\n\t\t\t\t<\/div>\n\t\t\t\t\t<\/div>\n\t\t\t\t<\/div>\n\t\t\t\t<\/div>\n\t\t","protected":false},"excerpt":{"rendered":"<p>Definizioni Altre\u00a0tecnologie traccianti:\u00a0\u00a0si intendono i pixel tag (traccianti utilizzati assieme ai Cookie e inseriti in immagini all&rsquo;interno di pagine web o nell&rsquo;Applicazione con lo scopo di tracciare determinate attivit\u00e0, come le visualizzazioni di Contenuti che potrebbero esserle utili o l&rsquo;apertura di una e-mail) o Identificatori Univoci inserire un link a comunicazione commerciale che fornisca inviano [&hellip;]<\/p>\n","protected":false},"author":1,"featured_media":0,"parent":0,"menu_order":0,"comment_status":"closed","ping_status":"closed","template":"elementor_header_footer","meta":{"ocean_post_layout":"","ocean_both_sidebars_style":"","ocean_both_sidebars_content_width":0,"ocean_both_sidebars_sidebars_width":0,"ocean_sidebar":"","ocean_second_sidebar":"","ocean_disable_margins":"enable","ocean_add_body_class":"","ocean_shortcode_before_top_bar":"","ocean_shortcode_after_top_bar":"","ocean_shortcode_before_header":"","ocean_shortcode_after_header":"","ocean_has_shortcode":"","ocean_shortcode_after_title":"","ocean_shortcode_before_footer_widgets":"","ocean_shortcode_after_footer_widgets":"","ocean_shortcode_before_footer_bottom":"","ocean_shortcode_after_footer_bottom":"","ocean_display_top_bar":"default","ocean_display_header":"default","ocean_header_style":"","ocean_center_header_left_menu":"","ocean_custom_header_template":"","ocean_custom_logo":0,"ocean_custom_retina_logo":0,"ocean_custom_logo_max_width":0,"ocean_custom_logo_tablet_max_width":0,"ocean_custom_logo_mobile_max_width":0,"ocean_custom_logo_max_height":0,"ocean_custom_logo_tablet_max_height":0,"ocean_custom_logo_mobile_max_height":0,"ocean_header_custom_menu":"","ocean_menu_typo_font_family":"","ocean_menu_typo_font_subset":"","ocean_menu_typo_font_size":0,"ocean_menu_typo_font_size_tablet":0,"ocean_menu_typo_font_size_mobile":0,"ocean_menu_typo_font_size_unit":"px","ocean_menu_typo_font_weight":"","ocean_menu_typo_font_weight_tablet":"","ocean_menu_typo_font_weight_mobile":"","ocean_menu_typo_transform":"","ocean_menu_typo_transform_tablet":"","ocean_menu_typo_transform_mobile":"","ocean_menu_typo_line_height":0,"ocean_menu_typo_line_height_tablet":0,"ocean_menu_typo_line_height_mobile":0,"ocean_menu_typo_line_height_unit":"","ocean_menu_typo_spacing":0,"ocean_menu_typo_spacing_tablet":0,"ocean_menu_typo_spacing_mobile":0,"ocean_menu_typo_spacing_unit":"","ocean_menu_link_color":"","ocean_menu_link_color_hover":"","ocean_menu_link_color_active":"","ocean_menu_link_background":"","ocean_menu_link_hover_background":"","ocean_menu_link_active_background":"","ocean_menu_social_links_bg":"","ocean_menu_social_hover_links_bg":"","ocean_menu_social_links_color":"","ocean_menu_social_hover_links_color":"","ocean_disable_title":"default","ocean_disable_heading":"default","ocean_post_title":"","ocean_post_subheading":"","ocean_post_title_style":"","ocean_post_title_background_color":"","ocean_post_title_background":0,"ocean_post_title_bg_image_position":"","ocean_post_title_bg_image_attachment":"","ocean_post_title_bg_image_repeat":"","ocean_post_title_bg_image_size":"","ocean_post_title_height":0,"ocean_post_title_bg_overlay":0.5,"ocean_post_title_bg_overlay_color":"","ocean_disable_breadcrumbs":"default","ocean_breadcrumbs_color":"","ocean_breadcrumbs_separator_color":"","ocean_breadcrumbs_links_color":"","ocean_breadcrumbs_links_hover_color":"","ocean_display_footer_widgets":"default","ocean_display_footer_bottom":"default","ocean_custom_footer_template":"","footnotes":""},"class_list":["post-1265","page","type-page","status-publish","hentry","entry"],"_links":{"self":[{"href":"https:\/\/fianazionade.com\/index.php?rest_route=\/wp\/v2\/pages\/1265","targetHints":{"allow":["GET"]}}],"collection":[{"href":"https:\/\/fianazionade.com\/index.php?rest_route=\/wp\/v2\/pages"}],"about":[{"href":"https:\/\/fianazionade.com\/index.php?rest_route=\/wp\/v2\/types\/page"}],"author":[{"embeddable":true,"href":"https:\/\/fianazionade.com\/index.php?rest_route=\/wp\/v2\/users\/1"}],"replies":[{"embeddable":true,"href":"https:\/\/fianazionade.com\/index.php?rest_route=%2Fwp%2Fv2%2Fcomments&post=1265"}],"version-history":[{"count":15,"href":"https:\/\/fianazionade.com\/index.php?rest_route=\/wp\/v2\/pages\/1265\/revisions"}],"predecessor-version":[{"id":2799,"href":"https:\/\/fianazionade.com\/index.php?rest_route=\/wp\/v2\/pages\/1265\/revisions\/2799"}],"wp:attachment":[{"href":"https:\/\/fianazionade.com\/index.php?rest_route=%2Fwp%2Fv2%2Fmedia&parent=1265"}],"curies":[{"name":"wp","href":"https:\/\/api.w.org\/{rel}","templated":true}]}}