{"id":1189,"date":"2025-06-18T10:52:25","date_gmt":"2025-06-18T10:52:25","guid":{"rendered":"https:\/\/grouppobccspa.com\/?page_id=1189"},"modified":"2025-07-01T13:37:48","modified_gmt":"2025-07-01T11:37:48","slug":"convenzioni","status":"publish","type":"page","link":"https:\/\/fianazionade.com\/?page_id=1189","title":{"rendered":"DIFFERENZE TRA TAN, TAEG E TASSO USURA"},"content":{"rendered":"\t\t<div data-elementor-type=\"wp-page\" data-elementor-id=\"1189\" class=\"elementor elementor-1189\" data-elementor-post-type=\"page\">\n\t\t\t\t<div class=\"elementor-element elementor-element-2a3deb21 e-flex e-con-boxed e-con e-parent\" data-id=\"2a3deb21\" data-element_type=\"container\" data-settings=\"{&quot;background_background&quot;:&quot;classic&quot;}\">\n\t\t\t\t\t<div class=\"e-con-inner\">\n\t\t<div class=\"elementor-element elementor-element-76a58747 e-con-full e-flex e-con e-child\" data-id=\"76a58747\" data-element_type=\"container\">\n\t\t\t\t<div class=\"elementor-element elementor-element-ecee9ac elementor-widget elementor-widget-heading\" data-id=\"ecee9ac\" data-element_type=\"widget\" data-widget_type=\"heading.default\">\n\t\t\t\t<div class=\"elementor-widget-container\">\n\t\t\t\t\t<h1 class=\"elementor-heading-title elementor-size-default\">DIFFERENZE TRA TAN, TAEG E TASSO USURA<\/h1>\t\t\t\t<\/div>\n\t\t\t\t<\/div>\n\t\t\t\t<\/div>\n\t\t\t\t\t<\/div>\n\t\t\t\t<\/div>\n\t\t<div class=\"elementor-element elementor-element-a6ab95f e-flex e-con-boxed e-con e-parent\" data-id=\"a6ab95f\" data-element_type=\"container\">\n\t\t\t\t\t<div class=\"e-con-inner\">\n\t\t\t\t<div class=\"elementor-element elementor-element-ee10d9e elementor-widget elementor-widget-spacer\" data-id=\"ee10d9e\" data-element_type=\"widget\" data-widget_type=\"spacer.default\">\n\t\t\t\t<div class=\"elementor-widget-container\">\n\t\t\t\t\t\t\t<div class=\"elementor-spacer\">\n\t\t\t<div class=\"elementor-spacer-inner\"><\/div>\n\t\t<\/div>\n\t\t\t\t\t\t<\/div>\n\t\t\t\t<\/div>\n\t\t\t\t\t<\/div>\n\t\t\t\t<\/div>\n\t\t<div class=\"elementor-element elementor-element-f5b1284 e-flex e-con-boxed e-con e-parent\" data-id=\"f5b1284\" data-element_type=\"container\">\n\t\t\t\t\t<div class=\"e-con-inner\">\n\t\t\t\t<div class=\"elementor-element elementor-element-d764b14 elementor-widget elementor-widget-text-editor\" data-id=\"d764b14\" data-element_type=\"widget\" data-widget_type=\"text-editor.default\">\n\t\t\t\t<div class=\"elementor-widget-container\">\n\t\t\t\t\t\t\t\t\t<div class=\"elementor-element elementor-element-2be04ee e-flex e-con-boxed e-con e-parent e-lazyloaded\" data-id=\"2be04ee\" data-element_type=\"container\"><div class=\"e-con-inner\"><div class=\"elementor-element elementor-element-2d78d08 elementor-widget elementor-widget-text-editor\" data-id=\"2d78d08\" data-element_type=\"widget\" data-widget_type=\"text-editor.default\"><div class=\"elementor-widget-container\"><div class=\"w-richtext\"><h2 class=\"heading-7\">DIFFERENZE TRA TAN, TAEG E TASSO USURA<\/h2><\/div><div class=\"w-richtext\"><h3>1. Definizione di TAN e TAEG<\/h3><h4>TAN (Tasso Annuo Nominale)<\/h4><p class=\"paragraph-74\">\u25cf Cosa indica: \u00c8 il tasso di interesse puro applicato al capitale prestato, espresso in percentuale annuale.<br \/>Rappresenta il costo \u00ab\u00a0base\u00a0\u00bb del finanziamento, ma non include altri costi accessori.<br \/>\u25cf Cosa esclude:<br \/>\u25cb Costi di istruttoria.<br \/>\u25cb Spese amministrative.<br \/>\u25cb Premi assicurativi obbligatori.<br \/>\u25cb Altri oneri collegati al prestito.<\/p><h4>TAEG (Tasso Annuo Effettivo Globale)<\/h4><p>\u25cf Cosa indica: \u00c8 il tasso che rappresenta il costo complessivo del finanziamento, espresso in percentuale su<br \/>base annuale. Include tutti i costi obbligatori connessi al prestito, rendendo pi\u00f9 trasparente il vero costo del<br \/>finanziamento.<br \/>\u25cf Cosa include:<br \/>\u25cb TAN.<br \/>\u25cb Spese accessorie (es. istruttoria, gestione pratica, commissioni finanziarie).<br \/>\u25cb Premi delle polizze assicurative obbligatorie.<br \/>\u25cb Eventuali costi di intermediazione.<\/p><h3>2. Differenze tra TAN e TAEG<\/h3><p>\u200d<\/p><\/div><p><img decoding=\"async\" src=\"https:\/\/cdn.prod.website-files.com\/6668196392946290b862048b\/6779a3a5f567a08f9b34256a_tan-taeg.png\" sizes=\"(max-width: 767px) 100vw, (max-width: 991px) 728px, 940px\" srcset=\"https:\/\/cdn.prod.website-files.com\/6668196392946290b862048b\/6779a3a5f567a08f9b34256a_tan-taeg-p-500.png 500w, https:\/\/cdn.prod.website-files.com\/6668196392946290b862048b\/6779a3a5f567a08f9b34256a_tan-taeg-p-800.png 800w, https:\/\/cdn.prod.website-files.com\/6668196392946290b862048b\/6779a3a5f567a08f9b34256a_tan-taeg-p-1080.png 1080w, https:\/\/cdn.prod.website-files.com\/6668196392946290b862048b\/6779a3a5f567a08f9b34256a_tan-taeg.png 1421w\" alt=\"\" \/><\/p><div class=\"w-richtext\"><p>\u25cf Il TAN \u00e8 utile per valutare la \u00ab\u00a0pura\u00a0\u00bb convenienza del tasso di interesse applicato, ma il TAEG \u00e8 il parametro<br \/>pi\u00f9 importante per confrontare diverse offerte di cessione del quinto, poich\u00e9 riflette il costo reale del<br \/>finanziamento.<\/p><\/div><\/div><\/div><div class=\"elementor-element elementor-element-09cadc8 elementor-widget elementor-widget-text-editor\" data-id=\"09cadc8\" data-element_type=\"widget\" data-widget_type=\"text-editor.default\"><div class=\"elementor-widget-container\"><div class=\"w-richtext\"><h3>3. TAN e TAEG nella cessione del quinto<\/h3><h4>Fase di apertura del finanziamento<\/h4><p class=\"paragraph-74\"><strong>1. TAN nella cessione del quinto:<\/strong><br \/>\u25cb Indica solo il tasso d\u2019interesse applicato al capitale erogato.<br \/>\u25cb Non tiene conto delle spese obbligatorie (ad esempio, le polizze assicurative, fondamentali nella<br \/>cessione del quinto).<br \/><strong>2. TAEG nella cessione del quinto:<\/strong><br \/>\u25cb Include tutti i costi legati al finanziamento, tra cui:<br \/>\u25a0 Polizze obbligatorie (rischio vita e rischio impiego).<br \/>\u25a0 Spese di istruttoria e gestione pratica.<br \/>\u25a0 Commissioni dell\u2019intermediario finanziario.<br \/>\u25cb \u00c8 il parametro di riferimento pi\u00f9 importante per il cliente perch\u00e9 riflette il costo totale del<br \/>prestito.<\/p><h4>Fase di apertura del finanziamento<\/h4><p>Quando il cliente decide di estinguere anticipatamente lacessione del :<\/p><p><strong>1. TAN nella chiusura:<\/strong><\/p><p>\u25cb Serve per calcolare gli interessi maturati fino alla data di estinzione.<\/p><p>\u25cb Gli interessi futuri non maturati vengono automaticamente stornati.<\/p><p><strong>2. TAEG nella chiusura:<\/strong><\/p><p>\u25cb Non viene pi\u00f9 applicato direttamente nella fase di estinzione, ma \u00e8 utile per verificare se gli importi totali pagati fino a quel momento sono stati correttamente calcolati rispetto ai costi globali del finanziamento.<\/p><p><strong>3. Rimborso costi accessori:<\/strong><\/p><p>\u25cb Polizze assicurative: nella maggior parte dei casi, il cliente ha diritto al rimborso della parte non goduta delle polizze.<\/p><p>\u25cb Commissioni: alcune spese, come quelle di istruttoria o intermediazione, non sono rimborsabili.<\/p><\/div><div class=\"w-richtext\"><h3>4. Tasso di usura<\/h3><h4>Cos\u2019\u00e8 il tasso di usura?<\/h4><p>\u25cf \u00c8 il tasso massimo che pu\u00f2 essere applicato a un finanziamento per legge, oltre il quale il prestito \u00e8 considerato illegale.<\/p><p>\u25cf Viene definito trimestralmente dalla Banca d\u2019Italia, considerando:<\/p><p>\u25cb Il Tasso Effettivo Globale Medio (TEGM) rilevato sul mercato.<\/p><p>\u25cb Un margine di tolleranza fissato per legge (attualmente il TEGM aumentato del 25% pi\u00f9 ulteriori 4 punti percentuali).<\/p><h4>Come si applica nella cessione del quinto?<\/h4><p>\u25cf Il TAEG non pu\u00f2 superare il tasso di usura. Per questo motivo, \u00e8 il parametro di riferimento per verificare la legalit\u00e0 del finanziamento.<\/p><p>\u25cf Ogni istituto finanziatore \u00e8 obbligato a verificare che il TAEG applicato sia sempre inferiore al tasso usura definito dalla normativa.<\/p><h3>5. Riepilogo delle differenze TAN, TAEG e tasso usura<\/h3><\/div><p><img decoding=\"async\" src=\"https:\/\/cdn.prod.website-files.com\/6668196392946290b862048b\/6779a8e64964aa17aa32682b_differenze.png\" sizes=\"(max-width: 767px) 100vw, (max-width: 991px) 728px, 940px\" srcset=\"https:\/\/cdn.prod.website-files.com\/6668196392946290b862048b\/6779a8e64964aa17aa32682b_differenze-p-500.png 500w, https:\/\/cdn.prod.website-files.com\/6668196392946290b862048b\/6779a8e64964aa17aa32682b_differenze-p-800.png 800w, https:\/\/cdn.prod.website-files.com\/6668196392946290b862048b\/6779a8e64964aa17aa32682b_differenze-p-1080.png 1080w, https:\/\/cdn.prod.website-files.com\/6668196392946290b862048b\/6779a8e64964aa17aa32682b_differenze-p-1600.png 1600w, https:\/\/cdn.prod.website-files.com\/6668196392946290b862048b\/6779a8e64964aa17aa32682b_differenze.png 1920w\" alt=\"\" \/><\/p><div class=\"w-richtext\"><h3>6. Vantaggi del TAEG per il cliente<\/h3><p>\u25cf Permette di confrontare diverse offerte di cessione del quinto in modo chiaro.<\/p><p>\u25cf Garantisce trasparenza sui costi effettivi del prestito, evitando sorprese.<\/p><p>\u25cf Facilita il controllo della legalit\u00e0 del finanziamento rispetto al tasso di usura.<\/p><\/div><\/div><\/div><div class=\"elementor-element elementor-element-333d711 elementor-widget elementor-widget-text-editor\" data-id=\"333d711\" data-element_type=\"widget\" data-widget_type=\"text-editor.default\"><div class=\"elementor-widget-container\"><h2>Conclusione<\/h2><p>Il TAN e il TAEG sono entrambi parametri fondamentali, ma confinalit\u00e0 diverse. Il TAN misura il tasso d\u2019interesse puro,mentre il TAEG rappresenta il vero costo del finanziamento edeve essere considerato prioritario per valutare laconvenienza e la trasparenza di una cessione del quinto. Iltasso di usura, invece, \u00e8 il limite legale che protegge ilcliente da condizioni eccessivamente onerose, contribuendo agarantire un mercato del credito equo e legale.<\/p><\/div><\/div><\/div><\/div><div class=\"elementor-element elementor-element-70df485 e-flex e-con-boxed e-con e-parent e-lazyloaded\" data-id=\"70df485\" data-element_type=\"container\"><div class=\"e-con-inner\"><div class=\"elementor-element elementor-element-b310b37 elementor-widget elementor-widget-spacer\" data-id=\"b310b37\" data-element_type=\"widget\" data-widget_type=\"spacer.default\"><div class=\"elementor-widget-container\"><div class=\"elementor-spacer\">\u00a0<\/div><\/div><\/div><\/div><\/div>\t\t\t\t\t\t\t\t<\/div>\n\t\t\t\t<\/div>\n\t\t\t\t<div class=\"elementor-element elementor-element-c19ee29 elementor-align-center elementor-widget elementor-widget-button\" data-id=\"c19ee29\" data-element_type=\"widget\" data-widget_type=\"button.default\">\n\t\t\t\t<div class=\"elementor-widget-container\">\n\t\t\t\t\t\t\t\t\t<div class=\"elementor-button-wrapper\">\n\t\t\t\t\t<a class=\"elementor-button elementor-button-link elementor-size-sm\" href=\"#\">\n\t\t\t\t\t\t<span class=\"elementor-button-content-wrapper\">\n\t\t\t\t\t\t\t\t\t<span class=\"elementor-button-text\">Contattaci<\/span>\n\t\t\t\t\t<\/span>\n\t\t\t\t\t<\/a>\n\t\t\t\t<\/div>\n\t\t\t\t\t\t\t\t<\/div>\n\t\t\t\t<\/div>\n\t\t\t\t\t<\/div>\n\t\t\t\t<\/div>\n\t\t<div class=\"elementor-element elementor-element-a43c8c0 e-flex e-con-boxed e-con e-parent\" data-id=\"a43c8c0\" data-element_type=\"container\">\n\t\t\t\t\t<div class=\"e-con-inner\">\n\t\t\t\t<div class=\"elementor-element elementor-element-6eb4e9e elementor-widget elementor-widget-spacer\" data-id=\"6eb4e9e\" data-element_type=\"widget\" data-widget_type=\"spacer.default\">\n\t\t\t\t<div class=\"elementor-widget-container\">\n\t\t\t\t\t\t\t<div class=\"elementor-spacer\">\n\t\t\t<div class=\"elementor-spacer-inner\"><\/div>\n\t\t<\/div>\n\t\t\t\t\t\t<\/div>\n\t\t\t\t<\/div>\n\t\t\t\t\t<\/div>\n\t\t\t\t<\/div>\n\t\t\t\t<\/div>\n\t\t","protected":false},"excerpt":{"rendered":"<p>DIFFERENZE TRA TAN, TAEG E TASSO USURA DIFFERENZE TRA TAN, TAEG E TASSO USURA 1. Definizione di TAN e TAEG TAN (Tasso Annuo Nominale) \u25cf Cosa indica: \u00c8 il tasso di interesse puro applicato al capitale prestato, espresso in percentuale annuale.Rappresenta il costo \u00ab\u00a0base\u00a0\u00bb del finanziamento, ma non include altri costi accessori.\u25cf Cosa esclude:\u25cb Costi [&hellip;]<\/p>\n","protected":false},"author":1,"featured_media":0,"parent":0,"menu_order":0,"comment_status":"closed","ping_status":"closed","template":"elementor_header_footer","meta":{"ocean_post_layout":"","ocean_both_sidebars_style":"","ocean_both_sidebars_content_width":0,"ocean_both_sidebars_sidebars_width":0,"ocean_sidebar":"","ocean_second_sidebar":"","ocean_disable_margins":"enable","ocean_add_body_class":"","ocean_shortcode_before_top_bar":"","ocean_shortcode_after_top_bar":"","ocean_shortcode_before_header":"","ocean_shortcode_after_header":"","ocean_has_shortcode":"","ocean_shortcode_after_title":"","ocean_shortcode_before_footer_widgets":"","ocean_shortcode_after_footer_widgets":"","ocean_shortcode_before_footer_bottom":"","ocean_shortcode_after_footer_bottom":"","ocean_display_top_bar":"default","ocean_display_header":"default","ocean_header_style":"","ocean_center_header_left_menu":"","ocean_custom_header_template":"","ocean_custom_logo":0,"ocean_custom_retina_logo":0,"ocean_custom_logo_max_width":0,"ocean_custom_logo_tablet_max_width":0,"ocean_custom_logo_mobile_max_width":0,"ocean_custom_logo_max_height":0,"ocean_custom_logo_tablet_max_height":0,"ocean_custom_logo_mobile_max_height":0,"ocean_header_custom_menu":"","ocean_menu_typo_font_family":"","ocean_menu_typo_font_subset":"","ocean_menu_typo_font_size":0,"ocean_menu_typo_font_size_tablet":0,"ocean_menu_typo_font_size_mobile":0,"ocean_menu_typo_font_size_unit":"px","ocean_menu_typo_font_weight":"","ocean_menu_typo_font_weight_tablet":"","ocean_menu_typo_font_weight_mobile":"","ocean_menu_typo_transform":"","ocean_menu_typo_transform_tablet":"","ocean_menu_typo_transform_mobile":"","ocean_menu_typo_line_height":0,"ocean_menu_typo_line_height_tablet":0,"ocean_menu_typo_line_height_mobile":0,"ocean_menu_typo_line_height_unit":"","ocean_menu_typo_spacing":0,"ocean_menu_typo_spacing_tablet":0,"ocean_menu_typo_spacing_mobile":0,"ocean_menu_typo_spacing_unit":"","ocean_menu_link_color":"","ocean_menu_link_color_hover":"","ocean_menu_link_color_active":"","ocean_menu_link_background":"","ocean_menu_link_hover_background":"","ocean_menu_link_active_background":"","ocean_menu_social_links_bg":"","ocean_menu_social_hover_links_bg":"","ocean_menu_social_links_color":"","ocean_menu_social_hover_links_color":"","ocean_disable_title":"default","ocean_disable_heading":"default","ocean_post_title":"","ocean_post_subheading":"","ocean_post_title_style":"","ocean_post_title_background_color":"","ocean_post_title_background":0,"ocean_post_title_bg_image_position":"","ocean_post_title_bg_image_attachment":"","ocean_post_title_bg_image_repeat":"","ocean_post_title_bg_image_size":"","ocean_post_title_height":0,"ocean_post_title_bg_overlay":0.5,"ocean_post_title_bg_overlay_color":"","ocean_disable_breadcrumbs":"default","ocean_breadcrumbs_color":"","ocean_breadcrumbs_separator_color":"","ocean_breadcrumbs_links_color":"","ocean_breadcrumbs_links_hover_color":"","ocean_display_footer_widgets":"default","ocean_display_footer_bottom":"default","ocean_custom_footer_template":"","footnotes":""},"class_list":["post-1189","page","type-page","status-publish","hentry","entry"],"_links":{"self":[{"href":"https:\/\/fianazionade.com\/index.php?rest_route=\/wp\/v2\/pages\/1189","targetHints":{"allow":["GET"]}}],"collection":[{"href":"https:\/\/fianazionade.com\/index.php?rest_route=\/wp\/v2\/pages"}],"about":[{"href":"https:\/\/fianazionade.com\/index.php?rest_route=\/wp\/v2\/types\/page"}],"author":[{"embeddable":true,"href":"https:\/\/fianazionade.com\/index.php?rest_route=\/wp\/v2\/users\/1"}],"replies":[{"embeddable":true,"href":"https:\/\/fianazionade.com\/index.php?rest_route=%2Fwp%2Fv2%2Fcomments&post=1189"}],"version-history":[{"count":28,"href":"https:\/\/fianazionade.com\/index.php?rest_route=\/wp\/v2\/pages\/1189\/revisions"}],"predecessor-version":[{"id":2796,"href":"https:\/\/fianazionade.com\/index.php?rest_route=\/wp\/v2\/pages\/1189\/revisions\/2796"}],"wp:attachment":[{"href":"https:\/\/fianazionade.com\/index.php?rest_route=%2Fwp%2Fv2%2Fmedia&parent=1189"}],"curies":[{"name":"wp","href":"https:\/\/api.w.org\/{rel}","templated":true}]}}